{"id":12147,"date":"2021-11-11T14:41:31","date_gmt":"2021-11-11T14:41:31","guid":{"rendered":"https:\/\/wpdigital.ro\/brutarie\/product\/ulei-esential-de-patchouli-10-ml-2\/"},"modified":"2021-11-11T14:41:33","modified_gmt":"2021-11-11T14:41:33","slug":"ulei-esential-de-patchouli-10-ml-2","status":"publish","type":"product","link":"https:\/\/wpdigital.ro\/brutarie\/product\/ulei-esential-de-patchouli-10-ml-2\/","title":{"rendered":"Ulei esential de Patchouli 10 ml"},"content":{"rendered":"<p>&nbsp;    Ulei esen\u0163ial de Patchouli&nbsp;100 % pur f\u0103r\u0103 adaos.  INGREDIENTE: ulei esen\u0163ial de Patchouli (Pogostemon cablin) &nbsp;  Mod de utilizare:  Masaj: 4-6 pic\u0103turi de ulei esen\u0163ial \u00eencorporat \u00eentr-un ulei vegetal.  Baie:5-10 pic\u0103turi \u00een&#8230;<\/p>\n","protected":false},"excerpt":{"rendered":"<p>&nbsp; Ulei esen\u0163ial de Patchouli&nbsp;100 % pur f\u0103r\u0103 adaos. INGREDIENTE: ulei esen\u0163ial de Patchouli (Pogostemon cablin) &nbsp; Mod de utilizare:<\/p>\n","protected":false},"featured_media":11872,"comment_status":"closed","ping_status":"open","template":"","meta":[],"product_cat":[90],"product_tag":[],"_links":{"self":[{"href":"https:\/\/wpdigital.ro\/brutarie\/wp-json\/wp\/v2\/product\/12147"}],"collection":[{"href":"https:\/\/wpdigital.ro\/brutarie\/wp-json\/wp\/v2\/product"}],"about":[{"href":"https:\/\/wpdigital.ro\/brutarie\/wp-json\/wp\/v2\/types\/product"}],"replies":[{"embeddable":true,"href":"https:\/\/wpdigital.ro\/brutarie\/wp-json\/wp\/v2\/comments?post=12147"}],"wp:featuredmedia":[{"embeddable":true,"href":"https:\/\/wpdigital.ro\/brutarie\/wp-json\/wp\/v2\/media\/11872"}],"wp:attachment":[{"href":"https:\/\/wpdigital.ro\/brutarie\/wp-json\/wp\/v2\/media?parent=12147"}],"wp:term":[{"taxonomy":"product_cat","embeddable":true,"href":"https:\/\/wpdigital.ro\/brutarie\/wp-json\/wp\/v2\/product_cat?post=12147"},{"taxonomy":"product_tag","embeddable":true,"href":"https:\/\/wpdigital.ro\/brutarie\/wp-json\/wp\/v2\/product_tag?post=12147"}],"curies":[{"name":"wp","href":"https:\/\/api.w.org\/{rel}","templated":true}]}}