{"id":12140,"date":"2021-11-11T14:41:26","date_gmt":"2021-11-11T14:41:26","guid":{"rendered":"https:\/\/wpdigital.ro\/brutarie\/product\/crema-de-arnica-250-ml-2\/"},"modified":"2021-11-11T14:41:30","modified_gmt":"2021-11-11T14:41:30","slug":"crema-de-arnica-250-ml-2","status":"publish","type":"product","link":"https:\/\/wpdigital.ro\/brutarie\/product\/crema-de-arnica-250-ml-2\/","title":{"rendered":"Crema de arnica 250 ml"},"content":{"rendered":"<p>&nbsp; Crema de arnica 250ml Ingrediente selectate &#8211; arnic\u0103, vitamina E \u0219i uleiurile de mu\u0219e\u021bel \u0219i jojoba &#8211; ofer\u0103 o \u00eengrijire echilibrat\u0103 \u0219i delicat\u0103 a pielii. O combina\u021bie rafinat\u0103, apreciat\u0103 \u00een special pentru pielea solicitat\u0103. Datorit\u0103&#8230;<\/p>\n","protected":false},"excerpt":{"rendered":"<p>&nbsp; Crema de arnica 250ml Ingrediente selectate &#8211; arnic\u0103, vitamina E \u0219i uleiurile de mu\u0219e\u021bel \u0219i jojoba &#8211; ofer\u0103 o<\/p>\n","protected":false},"featured_media":11858,"comment_status":"closed","ping_status":"open","template":"","meta":[],"product_cat":[115],"product_tag":[],"_links":{"self":[{"href":"https:\/\/wpdigital.ro\/brutarie\/wp-json\/wp\/v2\/product\/12140"}],"collection":[{"href":"https:\/\/wpdigital.ro\/brutarie\/wp-json\/wp\/v2\/product"}],"about":[{"href":"https:\/\/wpdigital.ro\/brutarie\/wp-json\/wp\/v2\/types\/product"}],"replies":[{"embeddable":true,"href":"https:\/\/wpdigital.ro\/brutarie\/wp-json\/wp\/v2\/comments?post=12140"}],"wp:featuredmedia":[{"embeddable":true,"href":"https:\/\/wpdigital.ro\/brutarie\/wp-json\/wp\/v2\/media\/11858"}],"wp:attachment":[{"href":"https:\/\/wpdigital.ro\/brutarie\/wp-json\/wp\/v2\/media?parent=12140"}],"wp:term":[{"taxonomy":"product_cat","embeddable":true,"href":"https:\/\/wpdigital.ro\/brutarie\/wp-json\/wp\/v2\/product_cat?post=12140"},{"taxonomy":"product_tag","embeddable":true,"href":"https:\/\/wpdigital.ro\/brutarie\/wp-json\/wp\/v2\/product_tag?post=12140"}],"curies":[{"name":"wp","href":"https:\/\/api.w.org\/{rel}","templated":true}]}}