{"id":12066,"date":"2021-11-11T14:41:08","date_gmt":"2021-11-11T14:41:08","guid":{"rendered":"https:\/\/wpdigital.ro\/brutarie\/product\/sos-bio-de-rosii-cu-mere-pentru-copii-340-grame-2\/"},"modified":"2021-11-11T14:41:10","modified_gmt":"2021-11-11T14:41:10","slug":"sos-bio-de-rosii-cu-mere-pentru-copii-340-grame-2","status":"publish","type":"product","link":"https:\/\/wpdigital.ro\/brutarie\/product\/sos-bio-de-rosii-cu-mere-pentru-copii-340-grame-2\/","title":{"rendered":"Sos Bio de rosii cu mere pentru copii 340 grame"},"content":{"rendered":"<p>&nbsp; Sos BIO de rosii cu mere pentru copii 340 g Vegan, f\u0103r\u0103 gluten, f\u0103r\u0103 drojdie, f\u0103r\u0103 lactoz\u0103! Pentru paste, orez sau legume.  Ingrediente: past\u0103 de tomate* simplu concentrat\u0103 79%, suc de mere presat direct*, ulei de floarea soarelui*,&#8230;<\/p>\n","protected":false},"excerpt":{"rendered":"<p>&nbsp; Sos BIO de rosii cu mere pentru copii 340 g Vegan, f\u0103r\u0103 gluten, f\u0103r\u0103 drojdie, f\u0103r\u0103 lactoz\u0103! Pentru paste,<\/p>\n","protected":false},"featured_media":11710,"comment_status":"closed","ping_status":"open","template":"","meta":[],"product_cat":[104],"product_tag":[],"_links":{"self":[{"href":"https:\/\/wpdigital.ro\/brutarie\/wp-json\/wp\/v2\/product\/12066"}],"collection":[{"href":"https:\/\/wpdigital.ro\/brutarie\/wp-json\/wp\/v2\/product"}],"about":[{"href":"https:\/\/wpdigital.ro\/brutarie\/wp-json\/wp\/v2\/types\/product"}],"replies":[{"embeddable":true,"href":"https:\/\/wpdigital.ro\/brutarie\/wp-json\/wp\/v2\/comments?post=12066"}],"wp:featuredmedia":[{"embeddable":true,"href":"https:\/\/wpdigital.ro\/brutarie\/wp-json\/wp\/v2\/media\/11710"}],"wp:attachment":[{"href":"https:\/\/wpdigital.ro\/brutarie\/wp-json\/wp\/v2\/media?parent=12066"}],"wp:term":[{"taxonomy":"product_cat","embeddable":true,"href":"https:\/\/wpdigital.ro\/brutarie\/wp-json\/wp\/v2\/product_cat?post=12066"},{"taxonomy":"product_tag","embeddable":true,"href":"https:\/\/wpdigital.ro\/brutarie\/wp-json\/wp\/v2\/product_tag?post=12066"}],"curies":[{"name":"wp","href":"https:\/\/api.w.org\/{rel}","templated":true}]}}