{"id":11999,"date":"2021-11-11T14:40:47","date_gmt":"2021-11-11T14:40:47","guid":{"rendered":"https:\/\/wpdigital.ro\/brutarie\/product\/supliment-alimentar-olivoforte-60-capsule-2\/"},"modified":"2021-11-11T14:40:51","modified_gmt":"2021-11-11T14:40:51","slug":"supliment-alimentar-olivoforte-60-capsule-2","status":"publish","type":"product","link":"https:\/\/wpdigital.ro\/brutarie\/product\/supliment-alimentar-olivoforte-60-capsule-2\/","title":{"rendered":"Supliment Alimentar OlivoForte 60 Capsule"},"content":{"rendered":"<p>&nbsp; Ingredientul de baz\u0103 al acestui produs este extractul de frunze de m\u0103slin \u2013 un adev\u0103rat fenomen medical datorit\u0103 frunzelor care ascund \u00een verdele-argintiul lor comori de s\u0103n\u0103tate. &nbsp;  Adjuvant \u00een:   diabet ateroscleroz\u0103 hipertensiune&#8230;<\/p>\n","protected":false},"excerpt":{"rendered":"<p>&nbsp; Ingredientul de baz\u0103 al acestui produs este extractul de frunze de m\u0103slin \u2013 un adev\u0103rat fenomen medical datorit\u0103 frunzelor<\/p>\n","protected":false},"featured_media":11576,"comment_status":"closed","ping_status":"open","template":"","meta":[],"product_cat":[81],"product_tag":[],"_links":{"self":[{"href":"https:\/\/wpdigital.ro\/brutarie\/wp-json\/wp\/v2\/product\/11999"}],"collection":[{"href":"https:\/\/wpdigital.ro\/brutarie\/wp-json\/wp\/v2\/product"}],"about":[{"href":"https:\/\/wpdigital.ro\/brutarie\/wp-json\/wp\/v2\/types\/product"}],"replies":[{"embeddable":true,"href":"https:\/\/wpdigital.ro\/brutarie\/wp-json\/wp\/v2\/comments?post=11999"}],"wp:featuredmedia":[{"embeddable":true,"href":"https:\/\/wpdigital.ro\/brutarie\/wp-json\/wp\/v2\/media\/11576"}],"wp:attachment":[{"href":"https:\/\/wpdigital.ro\/brutarie\/wp-json\/wp\/v2\/media?parent=11999"}],"wp:term":[{"taxonomy":"product_cat","embeddable":true,"href":"https:\/\/wpdigital.ro\/brutarie\/wp-json\/wp\/v2\/product_cat?post=11999"},{"taxonomy":"product_tag","embeddable":true,"href":"https:\/\/wpdigital.ro\/brutarie\/wp-json\/wp\/v2\/product_tag?post=11999"}],"curies":[{"name":"wp","href":"https:\/\/api.w.org\/{rel}","templated":true}]}}