{"id":11835,"date":"2021-11-11T14:20:01","date_gmt":"2021-11-11T14:20:01","guid":{"rendered":"https:\/\/wpdigital.ro\/brutarie\/product\/orz-verde-pulbere-200-grame\/"},"modified":"2021-11-11T14:20:14","modified_gmt":"2021-11-11T14:20:14","slug":"orz-verde-pulbere-200-grame","status":"publish","type":"product","link":"https:\/\/wpdigital.ro\/brutarie\/product\/orz-verde-pulbere-200-grame\/","title":{"rendered":"Orz Verde Pulbere 200 grame"},"content":{"rendered":"<p>&nbsp;  Ingrediente: Orz verde (Hordeum vulgare). &nbsp; Iarba de orz verde are un con\u021binut ridicat de minerale, vitamine, proteine, fibre, enzime \u0219i aminoacizi esen\u021biali. Este o sursa bogat\u0103 de clorofil\u0103. &nbsp;  Mod de administrare: se dizolv\u0103 o&#8230;<\/p>\n","protected":false},"excerpt":{"rendered":"<p>&nbsp; Ingrediente: Orz verde (Hordeum vulgare). &nbsp; Iarba de orz verde are un con\u021binut ridicat de minerale, vitamine, proteine, fibre,<\/p>\n","protected":false},"featured_media":11836,"comment_status":"closed","ping_status":"open","template":"","meta":[],"product_cat":[80],"product_tag":[],"_links":{"self":[{"href":"https:\/\/wpdigital.ro\/brutarie\/wp-json\/wp\/v2\/product\/11835"}],"collection":[{"href":"https:\/\/wpdigital.ro\/brutarie\/wp-json\/wp\/v2\/product"}],"about":[{"href":"https:\/\/wpdigital.ro\/brutarie\/wp-json\/wp\/v2\/types\/product"}],"replies":[{"embeddable":true,"href":"https:\/\/wpdigital.ro\/brutarie\/wp-json\/wp\/v2\/comments?post=11835"}],"wp:featuredmedia":[{"embeddable":true,"href":"https:\/\/wpdigital.ro\/brutarie\/wp-json\/wp\/v2\/media\/11836"}],"wp:attachment":[{"href":"https:\/\/wpdigital.ro\/brutarie\/wp-json\/wp\/v2\/media?parent=11835"}],"wp:term":[{"taxonomy":"product_cat","embeddable":true,"href":"https:\/\/wpdigital.ro\/brutarie\/wp-json\/wp\/v2\/product_cat?post=11835"},{"taxonomy":"product_tag","embeddable":true,"href":"https:\/\/wpdigital.ro\/brutarie\/wp-json\/wp\/v2\/product_tag?post=11835"}],"curies":[{"name":"wp","href":"https:\/\/api.w.org\/{rel}","templated":true}]}}